 45?
40
Calculate the remainder when 5 is divided by 2.
1
Calculate the remainder when 811 is divided by 218.
157
What is the remainder when 211 is divided by 36?
31
What is the remainder when 537 is divided by 60?
57
What is the remainder when 950 is divided by 59?
6
Calculate the remainder when 1131 is divided by 9.
6
Calculate the remainder when 4787 is divided by 1584.
35
Calculate the remainder when 588 is divided by 9.
3
Calculate the remainder when 15591 is divided by 69.
66
What is the remainder when 2960 is divided by 47?
46
What is the remainder when 257 is divided by 108?
41
What is the remainder when 649 is divided by 193?
70
What is the remainder when 3955 is divided by 198?
193
What is the remainder when 1546 is divided by 5?
1
Calculate the remainder when 111 is divided by 56.
55
Calculate the remainder when 23359 is divided by 73.
72
Calculate the remainder when 547 is divided by 110.
107
Calculate the remainder when 197 is divided by 66.
65
Calculate the remainder when 269 is divided by 91.
87
Calculate the remainder when 329 is divided by 136.
57
What is the remainder when 458 is divided by 93?
86
What is the remainder when 452 is divided by 153?
146
What is the remainder when 14936 is divided by 332?
328
Calculate the remainder when 161 is divided by 154.
7
Calculate the remainder when 232 is divided by 26.
24
What is the remainder when 179 is divided by 124?
55
What is the remainder when 79 is divided by 40?
39
What is the remainder when 322 is divided by 98?
28
Calculate the remainder when 4179 is divided by 220.
219
Calculate the remainder when 92 is divided by 3.
2
What is the remainder when 627 is divided by 30?
27
Calculate the remainder when 399 is divided by 57.
0
What is the remainder when 1702 is divided by 55?
52
What is the remainder when 586 is divided by 85?
76
What is the remainder when 379 is divided by 20?
19
What is the remainder when 477 is divided by 96?
93
What is the remainder when 328 is divided by 5?
3
Calculate the remainder when 2010 is divided by 1000.
10
Calculate the remainder when 628 is divided by 79.
75
What is the remainder when 158 is divided by 59?
40
Calculate the remainder when 699 is divided by 26.
23
Calculate the remainder when 306 is divided by 103.
100
Calculate the remainder when 167 is divided by 31.
12
Calculate the remainder when 260 is divided by 23.
7
What is the remainder when 1414 is divided by 40?
14
What is the remainder when 1284 is divided by 8?
4
Calculate the remainder when 341 is divided by 102.
35
Calculate the remainder when 202 is divided by 65.
7
What is the remainder when 527 is divided by 19?
14
Calculate the remainder when 950 is divided by 42.
26
What is the remainder when 93 is divided by 61?
32
Calculate the remainder when 103 is divided by 11.
4
What is the remainder when 128 is divided by 45?
38
Calculate the remainder when 87 is divided by 51.
36
Calculate the remainder when 713 is divided by 144.
137
Calculate the remainder when 70 is divided by 56.
14
What is the remainder when 3508 is divided by 270?
268
What is the remainder when 222 is divided by 217?
5
Calculate the remainder when 1581 is divided by 89.
68
What is the remainder when 170 is divided by 47?
29
What is the remainder when 1419 is divided by 102?
93
What is the remainder when 368 is divided by 285?
83
What is the remainder when 1652 is divided by 36?
32
What is the remainder when 4018 is divided by 571?
21
Calculate the remainder when 124 is divided by 8.
4
Calculate the remainder when 231 is divided by 13.
10
What is the remainder when 94 is divided by 92?
2
What is the remainder when 4702 is divided by 112?
110
Calculate the remainder when 114 is divided by 30.
24
What is the remainder when 994 is divided by 126?
112
Calculate the remainder when 265 is divided by 100.
65
Calculate the remainder when 869 is divided by 23.
18
Calculate the remainder when 2697 is divided by 169.
162
What is the remainder when 1444 is divided by 357?
16
What is the remainder when 97 is divided by 34?
29
What is the remainder when 536 is divided by 6?
2
Calculate the remainder when 2465 is divided by 18.
17
What is the remainder when 143 is divided by 49?
45
Calculate the remainder when 49 is divided by 21.
7
Calculate the remainder when 151 is divided by 116.
35
Calculate the remainder when 3525 is divided by 41.
40
What is the remainder when 12 is divided by 2?
0
Calculate the remainder when 771 is divided by 737.
34
Calculate the remainder when 4765 is divided by 32.
29
Calculate the remainder when 1958 is divided by 10.
8
Calculate the remainder when 446 is divided by 41.
36
What is the remainder when 7919 is divided by 18?
17
Calculate the remainder when 3008 is divided by 137.
131
What is the remainder when 331 is divided by 39?
19
What is the remainder when 1807 is divided by 27?
25
Calculate the remainder when 319 is divided by 89.
52
Calculate the remainder when 591 is divided by 197.
0
What is the remainder when 4485 is divided by 1118?
13
What is the remainder when 18 is divided by 9?
0
Calculate the remainder when 113 is divided by 31.
20
What is the remainder when 383 is divided by 371?
12
Calculate the remainder when 417 is divided by 28.
25
Calculate the remainder when 202 is divided by 17.
15
Calculate the remainder when 46 is divided by 17.
12
What is the remainder when 134 is divided by 28?
22
Calculate the remainder when 85 is divided by 29.
27
Calculate the remainder when 94 is divided by 89.
5
What is the remainder when 206 is divided by 110?
96
Calculate the remainder when 479 is divided by 2.
1
Calculate the remainder when 148 is divided by 14.
8
What is the remainder when 74 is divided by 7?
4
What is the remainder when 303 is divided by 102?
99
Calculate the remainder when 5889 is divided by 31.
30
Calculate the remainder when 850 is divided by 45.
40
Calculate the remainder when 32 is divided by 23.
9
Calculate the remainder when 8434 is divided by 1405.
4
What is the remainder when 511 is divided by 255?
1
Calculate the remainder when 5236 is divided by 13.
10
Calculate the remainder when 189 is divided by 41.
25
Calculate the remainder when 194 is divided by 81.
32
Calculate the remainder when 144 is divided by 25.
19
Calculate the remainder when 991 is divided by 87.
34
Calculate the remainder when 189 is divided by 8.
5
What is the remainder when 6677 is divided by 126?
125
What is the remainder when 167 is divided by 21?
20
What is the remainder when 136 is divided by 115?
21
What is the remainder when 219 is divided by 162?
57
What is the remainder when 101 is divided by 27?
20
Calculate the remainder when 639 is divided by 79.
7
What is the remainder when 404 is divided by 130?
14
What is the remainder when 547 is divided by 139?
130
What is the remainder when 90 is divided by 57?
33
Calculate the remainder when 125 is divided by 29.
9
What is the remainder when 112101 is divided by 72?
69
Calculate the remainder when 466 is divided by 53.
42
What is the remainder when 3670 is divided by 723?
55
Calculate the remainder when 587 is divided by 12.
11
What is the remainder when 1453 is divided by 14?
11
What is the remainder when 162 is divided by 78?
6
Calculate the remainder when 179 is divided by 9.
8
What is the remainder when 158 is divided by 20?
18
Calculate the remainder when 150 is divided by 4.
2
What is the remainder when 322 is divided by 39?
10
Calculate the remainder when 809 is divided by 14.
11
What is the remainder when 682 is divided by 190?
112
Calculate the remainder when 446 is divided by 90.
86
Calculate the remainder when 64089 is divided by 28.
25
Calculate the remainder when 8707 is divided by 80.
67
What is the remainder when 358 is divided by 16?
6
Calculate the remainder when 33889 is divided by 21.
16
Calculate the remainder when 251 is divided by 98.
55
Calculate the remainder when 363 is divided by 176.
11
What is the remainder when 63 is divided by 38?
25
Calculate the remainder when 116 is divided by 67.
49
What is the remainder when 315 is divided by 53?
50
Calculate the remainder when 99 is divided by 36.
27
What is the remainder when 166 is divided by 17?
13
What is the remainder when 142 is divided by 11?
10
Calculate the remainder when 2